p**2 - 3*p - 1. Let x be n(6). Let k = x + c. What is the units digit of k?
3
Let i(g) = 2*g**2 - 23*g + 9. Let o be i(11). What is the units digit of (25/o + -2)*-6?
7
Let j = 29 + -44. Let q = 427 + -392. Let z = q + j. What is the tens digit of z?
2
Let z = 286 - 133. What is the units digit of z?
3
Let a be (-9)/12 + 84/(-16). Let m = -4 - a. Suppose 0*x - 6 = -m*x. What is the units digit of x?
3
Suppose 4*r - 3*b = 2901, 0*r - 3*r - 2*b + 2180 = 0. Suppose -r = -11*y + 11. What is the tens digit of y?
6
Suppose a = -4*d + 1391 + 2267, 3*d = a + 2740. What is the units digit of d?
4
Let l be 22/1 + (-3 - -3). Suppose -2*w - 4 + l = -4*n, 5*w + 11 = -4*n. Let r(i) = -14*i - 13. What is the units digit of r(n)?
3
Suppose -y = -5*s + 2590, 0*s + 512 = s + y. Suppose 0 = 8*l - s + 13. What is the tens digit of l?
6
Suppose 4*k + 4774 = 18*k. What is the tens digit of k?
4
Suppose 2*i - 4*o - 192 = -10, -6 = -2*o. Let x = i - 58. What is the units digit of x?
9
Suppose -a = 5*w - 4*a - 360, -3*w + 5*a = -232. Let v = 153 - w. What is the units digit of v?
4
Suppose d - 40*d + 29913 = 0. What is the hundreds digit of d?
7
Suppose 4*f + 0*v - 3*v = -4, 3*f = -2*v + 14. Suppose 3*r - 221 = f*g, -r + 3*g - 400 = -6*r. What is the units digit of r?
7
Suppose -5108 = -35*c + 26252. What is the units digit of c?
6
Let q = 38 + 90. What is the tens digit of q?
2
Let d(l) = -2*l - 1. Let h be d(-3). Suppose 0 = -5*v - 160 + 185. Suppose 4*q + 165 = h*t, -64 + 214 = v*t - q. What is the units digit of t?
9
Suppose 14*n - 35*n + 36897 = 0. What is the units digit of n?
7
Let t = -103 - -68. Let y = -22 - t. Suppose y = 3*j + 4. What is the units digit of j?
3
Suppose -36 = -7*z + 3*z. Suppose z*n - 31 = 8*n. What is the tens digit of n?
3
Suppose 6*n - 3797 = 3151. What is the tens digit of n?
5
Let z(v) = 9*v**3 - 5*v**2 + 16*v - 48. What is the hundreds digit of z(8)?
3
Let q(r) = -45*r + 164. What is the thousands digit of q(-21)?
1
Let h(r) = r**3 + 11*r**2 - 15*r - 33. Let p be h(-12). Suppose -111 = -p*q + 771. What is the tens digit of q?
9
Suppose 140 = -3*g + 1439. What is the hundreds digit of g?
4
Let u = -42 + 43. What is the tens digit of (2/4)/(u/36)?
1
Suppose 91*y = 88*y + 477. What is the units digit of y?
9
Let h = 2815 - -2478. What is the units digit of h?
3
Suppose -5*s + 1935 = -475. What is the hundreds digit of s?
4
Let x(w) = -w**3 + 6*w**2 + 11*w + 4. Suppose 0 = -2*c + 2*o + 2, -3*c = 3*o - 4*o - 13. What is the tens digit of x(c)?
7
Let t(u) = -u**2 - 9*u + 5. Let b be t(-9). Suppose 0*k = -3*z - b*k + 166, 5*z + k - 306 = 0. What is the tens digit of z?
6
Let p = -1 + 4. Suppose 4*t + 20 = -0*t, -5*s + 65 = 2*t. Suppose 39 + s = p*c. What is the tens digit of c?
1
Let c be (-6)/(-9) - 1 - (-106)/(-6). Suppose 2*w = -3*l + 25, 4*l = 5*w + l - 10. Let g = w - c. What is the units digit of g?
3
Let b(g) = g**2 - 4. Let s be b(8). Let f(r) = -38*r**2 - 1. Let u be f(1). Let c = u + s. What is the units digit of c?
1
Let v = 700 - -262. What is the units digit of v?
2
What is the hundreds digit of (-77)/(8 + 410/(-50))?
3
Let i(m) = m**3 - 9*m**2 + 2*m - 9. Suppose 1 = -3*x - 2. Let h be (18/(-3 - -1))/x. What is the units digit of i(h)?
9
Suppose 0 = 5*p - 4*x - 2711, -14*p + 2*x + 1625 = -11*p. What is the units digit of p?
9
Suppose -v + 734 = 1942. Let w = -795 - v. Suppose 4*g = -117 + w. What is the units digit of g?
4
Let c = 75 + -66. What is the hundreds digit of (c + -1)*((-1330)/(-8))/7?
1
Let q(t) = 25*t**2 - 2*t + 8. Let s be q(-5). Suppose 109 + s = 4*g. What is the units digit of g?
8
Let a(v) = 6*v**2 - 2*v - 11. Let p be a(-5). Let n = p + -104. What is the units digit of n?
5
Let u = -17 + 18. Let y(x) = 69*x + 2. What is the tens digit of y(u)?
7
Suppose -9*a + 591 = -93. Let d = -17 + 24. Suppose d*q - a = 3*q. What is the tens digit of q?
1
What is the hundreds digit of (-2 - (-16)/4)/((-12)/(-11658))?
9
Suppose 2*f - 3 = f, 99 = -5*u + 3*f. Let i = u - -30. Let r = 0 + i. What is the units digit of r?
2
Let a = -9 - -14. Suppose -868 = -a*s + 707. What is the tens digit of s?
1
Let k = 13 - 29. Let m = k - -25. What is the units digit of m?
9
Let g = -15 + 15. Suppose g = -m - 1, -2*m + m = 4*h + 145. Let w = 90 + h. What is the units digit of w?
4
Suppose 5*j = t - 4, 5*j + t + 4*t = 20. Let w(v) = -3*v + 55. What is the units digit of w(j)?
5
Let i(w) = 9*w**2 + 64*w - 15. What is the units digit of i(6)?
3
Let p(l) = l**2 - 7*l + 12. Let f be p(11). Let s be (-4)/(-10) + f/(-40). What is the tens digit of (-539)/(-33) + s/3?
1
Suppose -76*m + 20064 = -52*m. What is the units digit of m?
6
Suppose -3 = -w, 0*w = -g - 2*w + 221. What is the units digit of g?
5
Suppose 4*o - 752 = -4*u, 2*o - 381 = 2*u + u. What is the tens digit of (o/(-84))/(6/(-176))?
6
Let p = 80 + -41. Let u be (-78)/(-4)*(-4)/3. Let j = u + p. What is the units digit of j?
3
Let f = -236 - -145. Let c(k) = -50*k - 499. Let q be c(-9). Let u = q - f. What is the units digit of u?
2
Suppose y = 2*d - 3048, 9*d = 5*d - 5*y + 6110. What is the tens digit of d?
2
Let t(y) = 23*y - 4. Let p be t(6). Suppose 4*x - 2*k = 82, -55 = -4*x - 2*k + 39. Suppose -4*s + x = -p. What is the tens digit of s?
3
Let x be (2/6)/(1/6). Let p(c) = 13*c**2 + 5*c + 3. Let y be p(-1). Suppose 2*r - 1 = j - x*j, -y = -5*j - 4*r. What is the units digit of j?
3
Suppose 0 = 5*b - 3*b, -4*q + 104 = b. What is the units digit of q + (-15)/(15/(-3))?
9
Let u(c) = -2*c**3 - 2*c**2 - c + 2. Let b = 0 - 0. Let t(j) = -j**3 + j - 2. Let z be t(b). What is the units digit of u(z)?
2
Let u = 2288 - -816. What is the units digit of u?
4
Suppose -5*q = 3*p - 2950, 2*p = -p + 3*q + 2934. Suppose -11*s = -406 - p. What is the units digit of s?
6
Let u(r) = -14*r + 9. Let p(y) = 4*y. Let m be p(-1). Let f be u(m). Suppose 0*g = -h - 3*g + 18, 3*h - 2*g - f = 0. What is the units digit of h?
1
Suppose 0 = 5*j + 2*k - 2170, 7*j - 6*j - 3*k = 451. What is the hundreds digit of j?
4
Let t(r) = -r**2 + 32*r - 25. Suppose 2*n - 210 = -8*n. What is the tens digit of t(n)?
0
Let d(t) = 2*t**2 + 2*t. Let s be 4 - ((-2 - -4) + -1). Suppose -3*k + 3*q = 3, -3*k + s*q + 1 = -k. What is the units digit of d(k)?
4
Let v(z) = 253*z - 25. What is the units digit of v(9)?
2
Suppose -2*t + 3*d + 20 = -d, 4*t - 13 = -d. Let o = -32 + 54. Suppose 5*z - o + 1 = -t*i, 3*i - 3*z - 36 = 0. What is the units digit of i?
9
Suppose -2*j = -14 - 18. Suppose 26 + j = 3*g. Let a = g - -10. What is the tens digit of a?
2
Suppose -18*q + 24*q = 1974. What is the units digit of q?
9
Let w = -93 - -66. Let i = 2 - w. What is the units digit of i?
9
Suppose -11*s + 16*s - 5*q = 10700, -5*s = -3*q - 10700. What is the thousands digit of s?
2
Suppose 3*f - 756 = 7*f. Let k = -127 - f. Let v = k - 28. What is the tens digit of v?
3
Suppose 4*v = 2*t - 5887 - 645, t - v = 3267. What is the thousands digit of t?
3
Let o be 133/14 + (-1)/(-2). Let y = 15 - o. What is the units digit of y/2*(-84)/(-10)?
1
What is the units digit of (92/16)/(7/14)*34?
1
Suppose -98 = -p - 3*y, 5*y = -3*p + 4*p - 138. Suppose -7*x = -265 - p. What is the units digit of x?
4
Suppose 86*d = 93*d - 1827. What is the units digit of d?
1
Suppose 15*c + 3183 = 13803. What is the tens digit of c?
0
Suppose 0 = 6*f - 2*f - 468. What is the hundreds digit of f?
1
What is the tens digit of (-1)/((-1)/266) - (-117 - -114)?
6
Suppose 2*k + 4496 = 2*v, -4*v - 4*k + 8968 = -0*k. What is the tens digit of v?
4
Let d = -28 + 1. Let v = -3 - d. What is the tens digit of v?
2
Let w(d) = d**2 + 9*d + 7. Suppose -22 = n + 3*x, -2*n + n - 32 = 5*x. Let g be w(n). What is the tens digit of g/(14/4) + 16?
1
Let c(o) = 6*o**3 - o**2 + o - 1. Suppose -6*x = -x - 25. Suppose 0 = -3*r - 2 + x. What is the units digit of c(r)?
5
Let y be 3 + 1*(521 - 0). Suppose -6*a + y = 56. What is the units digit of a?
8
Let z(b) = 7*b - 19. Suppose 5*r - 3 - 27 = 0. Let t be z(r). Suppose -4*k = -t - 209. What is the tens digit of k?
5
Let u = -137 + 382. What is the units digit of u?
5
Suppose 4*v = -3*g + 106, -4*g = -v - 4*v - 100. Suppose 87 = 3*m + 2*m - 4*b, -5*b = -m + g. Let y(h) = 4*h - 9. What is the units digit of y(m)?
1
Suppose 0*h - 143 = -11*h. Let v(x) = -x